t s be (5*(-20)/(-125))/((-6)/(-3270)). Let g = s - 316. Calculate the greatest common divisor of 60 and g.
60
Suppose -z + 298 = 4*a - 428, 4*a + 3*z = 722. Suppose -4*g - 8 = 0, -2*c + 118 = 12*g - 15*g. What is the greatest common divisor of c and a?
14
Let j be 10/1 + (24 - 28). Suppose j*m - 4000 = 224. Calculate the greatest common divisor of m and 44.
44
Let s(d) = 3 - 2*d**2 + 3*d - 9*d + 5 + 3*d**2. Let t be s(5). Let p be (-1 - t) + 21 + 4. What is the highest common factor of 7 and p?
7
Let y be 2/(-10) - (-4056)/(-20)*2060/(-40). Calculate the highest common divisor of y and 84.
28
Let a = -19 - -36. Let o(q) = q - 32. Let p be o(37). Suppose -5*t + t = p*n - 466, -2*n = 5*t - 591. Calculate the greatest common divisor of a and t.
17
Suppose -2*a - 68 = -p + 3*p, -3*a + 114 = -3*p. Let h = -36 - p. Suppose h = 4*z + z - 75. What is the highest common divisor of z and 10?
5
Suppose -4*h - 5*s + 25108 = 0, -4*h + 4*s = -11761 - 13383. What is the highest common divisor of 18 and h?
18
Let s be 2076/10 + 2/5. Let j(o) = 2*o**3 + 2*o**2 - 25*o + 42. Let k be j(2). Calculate the greatest common divisor of k and s.
16
Let t(z) = 6*z**2 - 4*z + 11. Let j be t(-9). Calculate the greatest common divisor of 91 and j.
13
Let h(w) be the third derivative of 1/12*w**4 + 7/6*w**3 + 0*w + 0 + 18*w**2. Let v be h(0). What is the highest common factor of v and 7?
7
Let l be ((-24)/10)/((-88)/3300). Suppose l = 3*n - 117. Calculate the highest common factor of n and 345.
69
Let h(n) = -n**3 - n**2 + 8*n - 1. Let l be h(-4). Suppose -10*d + l*d = 20. Let c = -11 + 31. What is the greatest common divisor of c and d?
4
Let i be (-8950)/(-30) + 10/15. Calculate the highest common divisor of i and 169.
13
Let l(o) = 8457*o - 33801. Let z be l(4). Let q(w) = 12*w**2 + w - 3. Let s be q(3). What is the highest common factor of s and z?
27
Let m be (37 - (-4)/(-4))/1. Let s(b) = b**3 + 4*b**2 + 5*b + 54. Let h be s(0). Calculate the greatest common divisor of m and h.
18
Let a be (-1 - (4 - 4))/((-7)/28). Suppose -a*x + 15 = 3*z, x + z - 10 = -2*x. What is the greatest common divisor of 39 and x?
3
Suppose 22*s - 8067 - 17651 = 0. Calculate the highest common factor of 668 and s.
167
Suppose 0 = -4*s - 32, -13*s + 9*s - 976 = -2*l. Calculate the highest common factor of 24 and l.
8
Suppose -4*d - 1024 = -i + 166, 2*d = 3*i - 3620. Calculate the highest common factor of i and 10.
10
Let m(g) = 85*g + 7. Let x(o) = 6*o - 119. Let d be x(20). Let z be m(d). What is the greatest common factor of 368 and z?
92
Let s(x) = x**3 + 6*x**2 + 5*x + 7. Let r be s(-4). Let o = -14 - r. Let h = 47 + o. What is the highest common factor of 98 and h?
14
Let n(c) = c**2 + c + 13. Let g = -131 + 135. Let y be n(g). Calculate the greatest common factor of y and 55.
11
Let q = -6287 - -6364. Calculate the highest common factor of q and 737.
11
Suppose 9*m - 960 = -14*m + 11*m. What is the highest common factor of m and 28?
4
Let x(m) = -m**3 + 3. Let i be x(-3). Suppose 0 = 5*s - 5*g - i, -14*s + 16*s + 3*g = 37. What is the greatest common divisor of 22 and s?
11
Let c(h) = -430*h + 463. Let r be c(-2). Calculate the highest common factor of r and 98.
49
Let d(k) = k**3 - 7*k**2 - 19*k - 1. Let p be d(9). Let i(z) = -3*z + 6. Let b be i(p). Calculate the highest common factor of 126 and b.
18
Suppose 5*i = 2*i + 3*f + 243, -3*i - f + 227 = 0. Suppose 17 = 2*p + c, 2*p = i*c - 80*c + 19. Calculate the highest common divisor of 264 and p.
8
Suppose -2*f + 3*i + 228 = -f, 2*f - 428 = -i. Calculate the highest common divisor of f and 6156.
108
Let o = -2608 + 2613. Calculate the highest common factor of o and 125.
5
Suppose 0 = -4*o - 2*c + 274, -1440*o + 1444*o - 309 = 3*c. Calculate the highest common factor of 88 and o.
8
Let a(r) = 16*r**3 + r**2 - 2*r**2 - 15*r**3 + 34*r - 39*r. Let b be a(4). What is the greatest common factor of b and 154?
14
Suppose 0 = -3*p - t + 24, 3*p = 2*t - 6 + 30. Suppose -369 = -p*h - 129. Let m(x) = x**2 + x. Let j be m(2). Calculate the greatest common divisor of h and j.
6
Suppose -2*l - 5*c + 18 = -8, -l + 4*c = 0. Suppose -l*o + 630 = 2*o. What is the highest common factor of o and 14?
7
Suppose 4003 + 5072 = 4*s - d, -5*d + 11325 = 5*s. Calculate the highest common divisor of s and 56.
28
Let c = 989 - 954. Let g = 1 - -7. Suppose 24 = 2*m - m - 5*j, 0 = -m - 3*j + g. Calculate the highest common factor of c and m.
7
Let u(r) = 47*r + 13. Let j(d) = 93*d + 26. Let o(s) = -2*j(s) + 5*u(s). Let v be o(-4). Let z = -131 - v. Calculate the highest common divisor of z and 39.
13
Suppose 22*k - s = 21*k + 8, -2*k + 1 = 3*s. Suppose -2*m - 29 = -k*a - m, -3*m - 27 = -5*a. Calculate the greatest common factor of a and 27.
3
Let q(b) = b**3 - 5*b + 2. Let r be q(5). Suppose -5*t + 1967*p - 1965*p + 26 = 0, p = 5*t - 28. Calculate the highest common divisor of t and r.
6
Suppose -16 = -4*h + 320. What is the highest common divisor of 28 and h?
28
Let y = -123851 - -123876. Let f = 3886 + -2711. Calculate the highest common factor of y and f.
25
Suppose c - 26 = -4*r - 10, 4*r - 24 = -3*c. Let f be (4/6)/(c/114). Suppose -23*l = -f*l - 308. What is the greatest common factor of l and 11?
11
Suppose 3*g = 1055 - 170. Let l = 9265 + -9029. What is the greatest common divisor of l and g?
59
Let r(u) = -48*u + 603. Let t be r(8). Calculate the highest common factor of 3139 and t.
73
Suppose 2*g + k = 27264, -3*g + 40899 = 135*k - 134*k. What is the greatest common divisor of 5 and g?
5
Let o(n) = 3*n**2 - 15*n + 12. Let m be (-4 - -5)/(1/(-2)). Let b(k) = k + 8. Let z be b(m). Let s be o(z). Calculate the highest common divisor of 120 and s.
30
Let t be (-18)/153 - (-106)/34. Let g be (3 - (29 + t))/(-1). Suppose b + 2*n = -4*b + 65, 4*b = 3*n + g. Calculate the highest common factor of 77 and b.
11
Suppose -3*v + 5*j + 23 = -1, v - 8 = j. Let a be (-1 - 4/(-8))*62. Let t = a - -87. Calculate the greatest common factor of v and t.
8
Suppose -782*r + 836*r = 573750. What is the highest common factor of r and 170?
85
Let r be (-11 + 71)*-26*(-4)/10. What is the greatest common divisor of r and 234?
78
Let d(s) = -58*s + 220. Let p be d(3). Suppose z + 134 + 24 = 0. Let n = 227 + z. Calculate the highest common factor of p and n.
23
Suppose 4*m = 2*m + 3*y + 374, 3*m + 5*y = 542. Calculate the greatest common divisor of m and 28704.
184
Suppose -8212 = -2*x + 3*j, j + 8763 + 3562 = 3*x. Calculate the highest common factor of 7 and x.
7
Suppose -4*l + 1293 = t, -520 = -3*l + 3*t + 431. Let b(g) = -45*g**3 + g + 2. Let o be b(-1). Calculate the highest common divisor of o and l.
46
Let h be -1*((-6)/21 + (-692)/28). Suppose -2288 = 9*j - h*j. What is the greatest common divisor of j and 11?
11
Let j = 249 + -207. Let o be (-1)/6 - (-1477)/j. Calculate the greatest common divisor of o and 105.
35
Suppose 42*o = -s + 41*o + 522, 2*s - 3*o = 1019. What is the greatest common factor of s and 99?
11
Let r be 161/(-12*(-18)/5832). Calculate the highest common divisor of r and 216.
27
Let u = 5469 + -5466. Calculate the greatest common divisor of 13 and u.
1
Let g be (-43)/(-258) - (1 - (-2)/12). Let i be -204*g*(-4)/(-8). What is the greatest common divisor of i and 272?
34
Let c = 54 - 29. Let x = 16529 + -16104. What is the greatest common factor of x and c?
25
Let h = -38013 - -64563. What is the highest common factor of h and 118?
118
Let o be ((-24)/10)/(12/(-40)). Suppose -27*b + 173 = -25*b + a, a = -3. What is the greatest common divisor of b and o?
8
Let x be (324/(-342))/9 + 8934/38 + -3. What is the greatest common factor of 216 and x?
8
Suppose -4*p + 6 = -q - 1, 3*q = 4*p + 11. Let j be 3*((-21)/q + 3). Suppose 4*s - 6*s + 8 = 0. Calculate the greatest common divisor of j and s.
2
Let i(a) = 436*a - 2923. Let n be i(7). Calculate the highest common factor of n and 688.
43
Let n(s) be the second derivative of -s**3/6 - 9*s**2/2 + 36*s. Let h be n(-29). Calculate the highest common divisor of h and 140.
20
Suppose 197*b - 199*b + 1596 = 0. What is the greatest common divisor of b and 228?
114
Let u be (-30)/25*-5*(8 - 1). Calculate the greatest common factor of 189 and u.
21
Let s(w) = -183*w**2 - 14*w - 13. Let j be s(-1). Let f = j - -380. What is t